{"id":12,"date":"2019-01-07T08:30:58","date_gmt":"2019-01-07T06:30:58","guid":{"rendered":"https:\/\/www.juhagustafsson.fi\/?page_id=12"},"modified":"2019-01-07T08:31:28","modified_gmt":"2019-01-07T06:31:28","slug":"palvelut","status":"publish","type":"page","link":"https:\/\/www.juhagustafsson.fi\/?page_id=12","title":{"rendered":"Palvelut"},"content":{"rendered":"\n<p><\/p>\n\n\n\n<p>Olen toiminut s\u00e4hk\u00f6alalla yli 20 vuotta ja palvelen asiakkaitani pitk\u00e4aikaisella kokemuksellani. Minulla on k\u00e4ytett\u00e4viss\u00e4 useita yhteisty\u00f6kumppaneita.<br>\nK\u00e4yt\u00f6n johtopalvelut<\/p>\n\n\n\n<ul class=\"wp-block-list\"><li>tarkastan s\u00e4hk\u00f6laitteiston kunnon kiinnitt\u00e4en huomiota s\u00e4hk\u00f6n k\u00e4yt\u00f6n turvallisuuteen, toimintavarmuuteen ja energian kulutukseen.<\/li><li>valvon k\u00e4ytt\u00f6\u00f6notto-, varmennus- ja m\u00e4\u00e4r\u00e4aikaistarkastukset.<\/li><li>muut s\u00e4hk\u00f6laitteistoon liittyv\u00e4t viranomaisasiat ja haltijan velvollisuuksiin kuuluvien ilmoitusten tekeminen.<\/li><\/ul>\n\n\n\n<p>S\u00e4hk\u00f6laitteistoon on nimett\u00e4v\u00e4 k\u00e4yt\u00f6n johtaja, kun s\u00e4hk\u00f6laitteistoon kuuluu yli 1000 V nimellisj\u00e4nnitteisi\u00e4 osia, esim. kuluttajamuuntamo keskij\u00e4nnitteell\u00e4 10 \/ 20 kV, tai 400 V liittymisteho on yli 1600 kVA.<br>\nKonsultointipalvelut<\/p>\n\n\n\n<ul class=\"wp-block-list\"><li>l\u00e4mp\u00f6kuvaukset.<\/li><li>loistehon kompensointilaitteistot.<\/li><li>400V:n ja keskij\u00e4nnite (10-20 kV:n) s\u00e4hk\u00f6verkkoon liittyv\u00e4t ongelmat.<\/li><li>varmennettu ja h\u00e4iri\u00f6t\u00f6n s\u00e4hk\u00f6njakelu (UPS-laitteistot ja varavoimat).<\/li><li>suunnittelu konsultointi.<\/li><\/ul>\n","protected":false},"excerpt":{"rendered":"<p>Olen toiminut s\u00e4hk\u00f6alalla yli 20 vuotta ja palvelen asiakkaitani pitk\u00e4aikaisella kokemuksellani. Minulla on k\u00e4ytett\u00e4viss\u00e4 useita yhteisty\u00f6kumppaneita. K\u00e4yt\u00f6n johtopalvelut tarkastan s\u00e4hk\u00f6laitteiston&nbsp;[&hellip;]<\/p>\n","protected":false},"author":1,"featured_media":0,"parent":0,"menu_order":0,"comment_status":"closed","ping_status":"closed","template":"","meta":{"footnotes":""},"class_list":["post-12","page","type-page","status-publish","hentry","post-item clearfix"],"_links":{"self":[{"href":"https:\/\/www.juhagustafsson.fi\/index.php?rest_route=\/wp\/v2\/pages\/12","targetHints":{"allow":["GET"]}}],"collection":[{"href":"https:\/\/www.juhagustafsson.fi\/index.php?rest_route=\/wp\/v2\/pages"}],"about":[{"href":"https:\/\/www.juhagustafsson.fi\/index.php?rest_route=\/wp\/v2\/types\/page"}],"author":[{"embeddable":true,"href":"https:\/\/www.juhagustafsson.fi\/index.php?rest_route=\/wp\/v2\/users\/1"}],"replies":[{"embeddable":true,"href":"https:\/\/www.juhagustafsson.fi\/index.php?rest_route=%2Fwp%2Fv2%2Fcomments&post=12"}],"version-history":[{"count":2,"href":"https:\/\/www.juhagustafsson.fi\/index.php?rest_route=\/wp\/v2\/pages\/12\/revisions"}],"predecessor-version":[{"id":15,"href":"https:\/\/www.juhagustafsson.fi\/index.php?rest_route=\/wp\/v2\/pages\/12\/revisions\/15"}],"wp:attachment":[{"href":"https:\/\/www.juhagustafsson.fi\/index.php?rest_route=%2Fwp%2Fv2%2Fmedia&parent=12"}],"curies":[{"name":"wp","href":"https:\/\/api.w.org\/{rel}","templated":true}]}}